i/6)/(1/(-9))?
8
What is the tens digit of ((-11506)/(-4))/(24/48)?
5
Let c be (-18)/12*20/(-6). Suppose 7*t = c*t - 16. Let o = 13 + t. What is the units digit of o?
5
Let i = -213 + 1056. What is the hundreds digit of i?
8
Suppose 13*a - 8*a = 475. Suppose -3*f - 5*m + a = -135, 0 = 5*f - 3*m - 338. What is the tens digit of f?
7
Suppose 343 = 2*q - 341. What is the tens digit of q?
4
Suppose 0 = -17*n - 840 + 9731. What is the hundreds digit of n?
5
What is the hundreds digit of 5350/18 + (-150)/(-54) + -3?
2
Let y(a) = -36*a - 323. What is the tens digit of y(-29)?
2
Let s be (-2)/4 - (-376)/(-16). Let v = 65 + s. What is the tens digit of v?
4
Let k be 132/3 - (5 + -2 + -5). Let w = -8 - -40. Let r = k - w. What is the tens digit of r?
1
Let o be 1/4 + (-140)/(-16). Suppose 0 = 2*g + 3*g - 25, t + 18 = 5*g. Suppose 6*a = t*a - o. What is the units digit of a?
9
Let a be (14/14)/(2/14). Let j = 11 - a. What is the units digit of j?
4
Let z = -1417 + 2404. What is the units digit of z?
7
Let a(n) be the second derivative of n**7/252 - n**4/6 - 7*n. Let k(q) be the third derivative of a(q). What is the units digit of k(-1)?
0
Let d = 269 - -170. What is the hundreds digit of d?
4
Let w(i) = 4*i - 4. Let l(p) = p**3 - 9*p**2 + 9*p - 6. Let r be l(8). Suppose -r*z + 29 = -3*c, 8*z - 25 = 3*z - 2*c. What is the units digit of w(z)?
4
Let s(z) = 48*z - 73. What is the hundreds digit of s(23)?
0
Let x(t) = -t - 5 - 1 + 4. Let b be x(-5). Suppose 5*f + 34 = 2*w, f + 41 = b*w - 4*f. What is the units digit of w?
7
Let q = 6157 - 4170. What is the thousands digit of q?
1
Let c = 29 + -21. Suppose -c*m = -910 + 182. What is the tens digit of m?
9
Let k(v) = 66*v**2 + 10*v - 20. What is the thousands digit of k(4)?
1
Suppose -9*d - 50 = -8*d. Let r = 96 + d. Suppose -4*q + 4*l = -136, r = 3*q - 2*l - 56. What is the units digit of q?
4
Suppose -4*o + 1 + 15 = 0. Suppose b - o*b = 15. Let z = -4 - b. What is the units digit of z?
1
Suppose -3*k + 0*k + 166 = 2*b, -3*k - 279 = -3*b. Suppose -2*h + 15 = -b. What is the units digit of h?
2
Suppose 0 = -6*i + 4*i - 5*l + 30, -5*l + 75 = 5*i. Let m(u) be the first derivative of -u**2 + 33*u - 13. What is the units digit of m(i)?
3
Let u = 400 + -678. Let p = -159 - u. What is the units digit of p?
9
Let m be -22*(-2)/(-4) - -1. Let n(h) = -h**3 - 9*h**2 + 15*h + 10. Let c be n(m). Let o = c - -77. What is the units digit of o?
7
Let o = -14 + -1. Let h = o - -88. What is the tens digit of h?
7
Suppose 2*p + 1905 = 4*z - 1185, 3*z - p = 2319. What is the tens digit of z/42 - 12/(-21)?
1
Let w(c) = 4*c**2 + 5*c + 88. What is the units digit of w(12)?
4
Suppose 36*p - 33*p - 759 = 0. What is the tens digit of p?
5
Let u = 2 - 6. Let c(h) = 965*h**2 - 3 - 487*h**2 - 2*h - h**3 - 482*h**2. What is the units digit of c(u)?
5
Suppose -13*x - 2735 = -7272. What is the tens digit of x?
4
Let r(p) = -p - 1. Let f be r(0). Let x(n) = n**2 - n + 1. Let i(m) = 2*m**2 - m - 6. Let o(d) = f*i(d) + x(d). What is the units digit of o(0)?
7
Let k(p) = -12*p + 635. What is the hundreds digit of k(-32)?
0
Let h(n) = 8*n + 4. Let x be h(2). Let q = -17 + x. Suppose -3*o + 5*p + 33 = 0, -o - 3*p = -q*o + 22. What is the tens digit of o?
1
Let k = 9 - 7. Suppose b - k*b = -4*p + 226, -2*b = 5*p - 276. Suppose 7*i = 8*i - p. What is the units digit of i?
6
Let i(p) = p**3 + 27*p**2 + 41*p + 73. What is the tens digit of i(-23)?
4
Suppose -69*l - 2706 = -75*l. What is the tens digit of l?
5
Suppose -39186 = -16*k - 26*k. What is the units digit of k?
3
Suppose 4 = s, 2*s - 20 = -l - 2*s. Let v(c) = c**2 + 1 - c - 9 + 2. What is the units digit of v(l)?
6
Suppose -19*t = -1593 - 4183. What is the units digit of t?
4
Suppose 0*v + 19*v - 15770 = 0. What is the units digit of v?
0
Suppose -5*v = 43 + 27. Let z(h) = -2 - 24 - 2*h + 7. What is the units digit of z(v)?
9
Suppose -145 = -5*v - r, -4*v - 2*r = -4*r - 102. Let x be -9*(3 + v/(-12)). Let z(i) = -5*i + 10. What is the tens digit of z(x)?
4
Suppose 27*o = 21*o + 2316. What is the hundreds digit of o?
3
Let v = 88 + -91. Let q be 5/(10/(-8)) + 3. What is the tens digit of v/(q - 2)*61?
6
Let t be 11 - 6*10/(-15). Suppose -x - 19 = 5*w + 6, 0 = -x + 3*w + t. What is the tens digit of x + 100/(3 + 2)?
2
Let z = 1511 - 796. What is the tens digit of z?
1
Let t = -29 + 36. What is the tens digit of 68/(((-4)/28)/((-1)/t))?
6
What is the tens digit of -30*2/6 + 463?
5
Let u = 26 + -2. Let i = -15 + u. What is the units digit of i?
9
Let l be (-16)/1*(-6)/24. Suppose 2*f + 37 = x - 0*f, -l*f + 82 = 2*x. What is the units digit of x?
9
Let j = -6 + 9. Suppose 5*p - 40 = -5*y, 2*p + 0*p - 22 = -3*y. Suppose 5*u - 2*h + y*h = 119, -2*u + 43 = -j*h. What is the tens digit of u?
2
Suppose -2*a = -0*a - 6. Suppose -2*v = 4*r - 58, -3*v = -a*r - r + 83. What is the units digit of r?
7
Suppose 9*w = 6*w - 981. Let s = -62 - w. What is the tens digit of s?
6
Suppose -35*d + 30*d = 0. Suppose d = -2*u + 103 - 17. What is the tens digit of u?
4
Let v(a) = a**3 - a**2 - a + 1. Let h be v(3). Suppose -4*k = k + 4*m - h, 4*m - 16 = 0. What is the tens digit of (k + -2)/(2/(-16))?
1
Let y be (-85)/(-10) - (-6)/(-4). Let m = y + -8. What is the tens digit of 6*((0 - -4) + m)?
1
Let b = 2245 - 1596. What is the hundreds digit of b?
6
Let x = 1 - -1. Suppose -x*h = 3*h - 25. Suppose -h*r - 5*s = -3*s - 114, -s = -5*r + 123. What is the tens digit of r?
2
Suppose 0 = -5*v + 5, -3*v - 3 = 4*f + 14. What is the units digit of 3/(-18) + (2825/(-6))/f?
4
Let j = 2348 + -147. What is the hundreds digit of j?
2
Let g(w) = 16*w**3 + 6*w**2 - 5*w - 2. What is the tens digit of g(4)?
9
Suppose -4 = 4*r, 5*z + 9*r - 9092 = 6*r. What is the tens digit of z?
1
Let r(o) = o**2 + 11*o + 13. Let c be r(-10). Suppose c*d - 2*d = 5. Suppose h + 4 = d*g, 4*g + 12 = -2*h + 46. What is the units digit of h?
1
Let b be (-9)/(-27) - (-1)/(-3). Suppose -2*i = -2*c - 142, -3*i - 4*c = -b*c - 199. What is the tens digit of i?
6
Let z be 9/(-2)*(-4)/6. Suppose -4*d - 15 = g, -z*d + 8*d = -3*g - 10. Suppose -g*n + 29 = -4*n. What is the units digit of n?
9
Let z(l) = 28*l**2 - 3*l + 2. Let n be -3 - ((-6)/(-15) - 32/5). What is the units digit of z(n)?
5
What is the units digit of 5 + -1 - 508/(-6 + 2)?
1
Suppose o - 2*o = -91. Suppose -2*u = -33 - o. What is the tens digit of u?
6
Let f(m) = -192*m**3 - 3*m**2 - m - 2. Let l be f(-2). Suppose 0 = 9*t + l + 492. Let w = -145 - t. What is the units digit of w?
9
Let k = -12582 + 8396. What is the tens digit of 1/5 + k/(-70)?
6
Suppose -2573 - 5332 = -5*h. What is the tens digit of h?
8
Let j be (-600)/70 + (-8)/(-14). Let p(m) be the third derivative of m**5/60 + 7*m**4/24 + m**3/6 - 2*m**2. What is the units digit of p(j)?
9
Suppose z = -8*z + 3312. What is the hundreds digit of z?
3
Let w be (-1)/(-3)*-1 - (-1192)/12. Suppose 2*g - w = 13. What is the tens digit of g?
5
Let u(v) = 8*v - 17. Let h be u(2). What is the tens digit of 4 - 645/(-5) - 1/h?
3
Let n(r) = -r**3 - 4*r**2 + 14*r + 41. What is the hundreds digit of n(-10)?
5
Let t(z) = 2*z - 9. Let q be t(11). Let f = 19 - q. Suppose f*y - 153 = -9. What is the tens digit of y?
2
What is the tens digit of 5500/(4/5 - 5/(-25))?
0
Suppose 3*u = -b - 4, 2*b + 6 = -2. Suppose 2*d + 5*v - 39 = 10, u = -2*v - 6. What is the units digit of d?
2
Let x be (-4)/3*(10 - 4). What is the tens digit of -2 - -2 - 6*x?
4
Suppose 0*s - 9*s + 225 = 0. What is the units digit of s - ((-8)/(-12) + (-1)/(-3))?
4
Let w(y) = y**2 + 6*y + 20. Let o be w(16). Let z = -171 + o. What is the hundreds digit of z?
2
Let h be 4 + -6 - (-12)/2. Suppose -6 = 2*w + 4, 120 = 4*z + h*w. What is the tens digit of z?
3
Let u = 32 - 36. What is the tens digit of u/24*3 - 69/(-2)?
3
Let z(m) = -2*m. Let q be z(-2). Let n(p) be the third derivative of 7*p**4/24 - p**3 + 3*p**2. What is the tens digit of n(q)?
2
Let z(o) = o**2 + 8*o - 1. Let v be z(-4). Let s(d) = d + 21. Let w be s(v). Suppose 5*i = -5*u + 195, 82 = 5*i - w*u - 131. What is the units digit of i?
1
Let l = -1392 - -2361. What is the units digit of l?
9
Let n be ((-6)/12)/((-2)/(-72)). What is the units digit of -5*n*(-2)/(-4)?
5
Let t = 11 + -10. What is the units digit of -51*t/1*(-9)/3?
3
